is the value of -11 - -1 - (3 + (-34 - -23))?
-2
What is the value of -8 + (6 - (-6 + 7))?
-3
What is 1 - (-6 + 3 + 6 + 0)?
-2
9 + (9 - 8) - 5
5
Calculate (-3 - (-8 - -4)) + -4 + 3.
0
Calculate 4 - (6 + -1) - (2 - 8).
5
What is 1 + (-4 - 0) - (-7 - -6)?
-2
Calculate (7 - (3 - 3)) + -14.
-7
What is the value of -5 + 1 + (-3 - -3)?
-4
Evaluate -2 - 2 - (-2 - -7 - 7).
-2
(-1 - 1) + -5 + 0 + 10
3
0 - (-10 + 2 + 1 + 3)
4
-8 + 9 + -4 + 5
2
What is the value of 0 + (0 - -2) + (1 - 7)?
-4
Calculate (-7 + 11 - 5) + 8.
7
4 + (1 - -3) + -2 + -8
-2
What is the value of 0 + 2 + 0 - 4?
-2
Evaluate 7 + -3 - 5 - (0 - -3).
-4
What is the value of (8 - (10 - 6)) + -1 - -5?
8
-8 + 6 + 0 + 2
0
Evaluate (5 - ((6 - 0) + 0)) + -2.
-3
What is the value of 2 - (-3 + 3 + -3)?
5
-18 - -20 - (0 - (0 + 0))
2
Evaluate 1 + -5 - (136 + -137).
-3
What is the value of -1 - -5 - ((7 - 1) + 2)?
-4
Calculate 0 - 0 - (-4 + 4) - -1.
1
(2 - 5) + 6 - (-3 + 4)
2
Calculate 7 + -8 - (5 + -3).
-3
What is -5 - (1 - (2 + 0 + 5))?
1
Evaluate -4 + 13 - (-12 + 22).
-1
1 - 3 - -4 - (-14 + 12)
4
(-1 - -5) + (-11 - -2)
-5
What is the value of 0 - (5 - (3 + 1)) - -2?
1
-1 + -3 + (5 - 0) + 2
3
Evaluate -1 - 4 - (0 - (-17 + 15)).
-7
28 + -19 - (-1 + 4 + -3)
9
What is 2 + (-1 - (-2 + -2 + 0))?
5
2 + (-3 - (0 - 4))
3
What is the value of -3 + 6 + 0 + -3 - 0?
0
Evaluate (1 - 6) + (4 - 1) + 1.
-1
What is 1 + (5 - 1) - 2?
3
What is -8 + -10 + 31 - (8 - 0)?
5
Evaluate 2 + (-4 - 0) + (55 - 58).
-5
What is the value of 4 - 3 - (-5 + -7 - -3)?
10
What is -2 + 6 - (-10 + 11 + 4)?
-1
Calculate 1 + -2 + 5 - (-5 - -7).
2
10 + (-8 - -3) + -1
4
What is the value of 0 - (-4 - 2) - (25 + -23)?
4
What is 7 - (-9 - (-8 - 7))?
1
What is -45 - -37 - (-9 - -1)?
0
Calculate -3 + (1 - (-1 + 1)) + -4.
-6
What is 9 + (-4 - 7 - -9)?
7
Evaluate 0 + 2 + -3 + 3 + -7.
-5
Evaluate (-2 - 0 - (3 - 6)) + -5.
-4
What is the value of -1 + 2 + 4 - (-23 + 22)?
6
Calculate -7 + -1 + -6 + 8 + 1.
-5
7 + (-4 - -5 - 2 - 0)
6
Calculate -5 + (5 + -9 - -13 - 6).
-2
What is the value of 5 + -11 + (-5 - (0 - 6))?
-5
Evaluate -2 + 1 + 14 + -18.
-5
(0 - 2) + (-17 - -18)
-1
3 + 1 + -7 + 5
2
Evaluate 4 + -2 - 2 - 2.
-2
Calculate (-4 - 2) + -20 + 14 + 8.
-4
Calculate 0 + ((1 - 3) + 3 - -1).
2
What is (-1 - -7) + (-9 - -5)?
2
Calculate 0 + -5 + 5 + (6 - 1).
5
(-3 - (-6 - -6)) + -2 - -8
3
What is -5 + 11 + -7 + -4?
-5
What is 0 + (1 - (-12 - -7))?
6
Calculate 2 + (2 + 3 - 2).
5
What is -5 - 3 - (-8 + -5)?
5
Calculate 12 + -5 - 0 - (6 - 3).
4
What is the value of (4 - 2 - 3) + 1 + 5?
5
Calculate -7 + (-7 - (-22 - -4)) + 0.
4
Evaluate -2 - -2 - (-2 + 4).
-2
-4 - (0 + 4 + -6 - -1)
-3
What is -13 + -1 + -1 + 8?
-7
Calculate (-2 - (3 - 0)) + 4.
-1
What is (-7 - -3) + 3 + 4 + 1?
4
Evaluate (2 - 8) + (0 - -5).
-1
What is the value of 4 + 8 + -1 + -7?
4
2 + -2 + 1 + (1 - 2)
0
What is the value of -5 - -2 - (-8 + 5) - -2?
2
What is the value of 4 - (7 - -3) - -3?
-3
What is the value of -2 + 4 + 1 + -2 + -2?
-1
What is the value of -9 - (-14 - -9) - (-9 + 2)?
3
What is the value of 6 + (-8 - (-13 + 13))?
-2
Evaluate 0 + 1 + 0 + (7 - 4).
4
What is the value of -4 - 1 - (-9 + (-1 - -1))?
4
What is the value of 7 + -2 - (6 + -1) - 7?
-7
What is 1 + 4 - (7 - 3)?
1
What is the value of -2 + -6 - (-3 - 2)?
-3
Evaluate -7 + 0 + 0 + (-96 - -100).
-3
Evaluate 10 + -19 + 9 - (-9 + 2).
7
What is the value of -10 - -12 - 9 - (-1 + -3)?
-3
What is (-17 + 12 - 1) + 11?
5
Calculate 1 + -3 + (-4 - 1) + 4.
-3
What is the value of -9 + 8 + 8 + -12 + 5?
0
-2 + (0 + -2 - -4)
0
Calculate 124 + -134 + 8 + 1.
-1
Calculate -6 + (1 + 1 - (16 + -24)).
4
What is the value of -12 - -4 - (-2 - 0)?
-6
(0 - -11) + (-19 - -13)
5
-1 - ((-10 - -22) + -8)
-5
What is -4 - (-7 - (-5 + 2 - -4))?
4
-12 + (22 - (-1 - -3))
8
Calculate -8 + (12 - 7) - (4 + 0).
-7
Evaluate (2 - -1) + -9 - -2.
-4
What is -5 - ((1 - 11) + 7 + -2)?
0
Evaluate -8 - 8 - -11 - (-2 - -1).
-4
What is the value of -3 + (1 - 0) + -3 + 3?
-2
Evaluate -7 - (-3 - (20 - 11)).
5
Evaluate (-1 - -5) + 8 + -10.
2
Evaluate (-2 - -2) + -3 + -10 + 10.
-3
-2 + 6 + 5 + -4
5
Evaluate (-21 - -6) + 12 - -12.
9
6 + -1 + (1 - (6 - -1))
-1
7 - (3 - -2) - (-13 + 7)
8
Calculate 6 - 7 - (1 - (-9 - -15)).
4
(1 - 4) + 3 + 6 + -5
1
What is the value of 6 + 14 + -6 + -7?
7
What is (1 - -2) + (8 - 4 - 11)?
-4
Calculate (-17 - -5) + (-1 - -8).
-5
What is the value of (8 - (-4 - -3)) + -6?
3
Calculate 2 - (2 - 3) - (2 + 6).
-5
What is the value of -17 + 19 + (-6 + 2 - -1)?
-1
10 + -9 - (-3 + 3 + 1)
0
What is -12 - (-1 + (-5 - -7) + -7)?
-6
What is (-8 - -6) + -8 + 4?
-6
What is -4 - (4 + -7 + -1)?
0
What is the value of 1 + (-3 + 3 - (-1 + -1))?
3
-3 + 0 - (-1 + 0)
-2
What is (2 - 5 - -5) + -1?
1
Evaluate -76 - -85 - (7 - -1).
1
Evaluate (-1 + 10 - 2) + (2 - 9).
0
What is the value of -5 - (-4 - 0) - -6?
5
2 - (0 + 0 - (2 + -2))
2
What is the value of 3 + 4 + -1 + (-14 - -6)?
-2
Calculate 1 - -1 - (5 - (3 - -4)).
4
What is -1 - (-3 - -3) - (-1 + 9)?
-9
-4 + (-10 - -7) - -4
-3
What is 30 - 25 - (1 - -9) - -3?
-2
Evaluate (-5 - (-15 + 5)) + 1 + -1.
5
Calculate -14 - (-4 + -3) - -11.
4
Calculate -9 + 0 + 0 + 1 - -5.
-3
What is 1 - (-4 + (3 - -2))?
0
What is -1 - (0 + 3 + -1) - -8?
5
What is the value of 0 + (1 + -1 + 2 - 8)?
-6
Calculate (15 + -8 - 16) + 7.
-2
4 + -7 + 8 + -8
-3
12 + (0 - 5) - 8
-1
What is -2 + 2 + -5 + 2 - 0?
-3
Calculate ((-7 - 1) + 2 - -4) + 2.
0
What is the value of 12 + -10 - (-1 - 0)?
3
What is 3 - (-1 - -3) - (5 - 11)?
7
What is -12 + (-12 - -28) + -1 + 2?
5
What is (7 - 4) + 1 + -4 + 1?
1
Calculate 1 - (1 + (4 - 5) - 6).
7
2 + (-5 - -1) - -7
5
What is 44 - 50 - (1 + (-7 - 0))?
0
What is the value of (-4 - -3) + -5 + 7?
1
What is the value of -6 + 5 + (-1 + -3 - 0)?
-5
What is 12 + -1 + -1 + -7?
3
Evaluate 1 + -1 - (5 + 0 - 0).
-5
Calculate 6 + (-13 - 3) + (3 - -1).
-6
What is (11 + -3 - 9) + (1 - -3)?
3
Evaluate -9 - (-19 - -4) - 13.
-7
Calculate 7 + 4 + 2 + -10.
3
What is 1 - ((2 - 0) + (-4 - 3))?
6
What is the value of -4 + 7 - (8 + (0 - 2))?
-3
What is the value of -1 + 0 + (-1 - 3 - -5)?
0
What is -8 + 10 + -6 - 0?
-4
What is the value of -10 + (-1 - (-6 - -5)) + 5?
-5
What is the value of -5 + 0 + 3 + 7?
5
14 + 1 - (-110 - -123)
2
Evaluate (-3 - -4) + -1 - 4 - -8.
4
-3 - (3 + -5 + 1)
-2
What is the value of 0 - (-43 + 37 - (-11 + -1))?
-6
Evaluate (-5 - -3 - 0) + -3 + 1.
-4
Evaluate 3 + (-2 - (-2 - -8)).
-5
What is the value of 3 + -21 + 15 + 9 + 0?
6
Evaluate -2 + -1 - (-13 + 14).
-4
Evaluate -9 + (3 - -3 - -10).
7
What is 6 - (7 - 7 - (2 + -3))?
5
Calculate (3 - 10) + -1 - (-4 - 1).
-3
What is 2 + -1 - 0 - (-2 - 1)?
4
What is the value of -4 + (-2 - (4 - 3)) + 3?
-4
Calculate 2 - 5 - (-2 - 2) - 6.
-5
What is the value of (-1 - -5) + -1 + (0 - 7)?
-4
Calculate 0 + 1 + (0 - -1) - 5.
-3
What is the value of 0 + (12 - 9) + 0?
3
What is the value of 1 - (5 + -3) - (-1 + -2)?
2
Calculate (-5 - -7) + -5 + 2.
-1
What is -20 - (2 + -2 - 12)?
-8
Calculate 0 + -4 + (-1 - -1).
-4
Evaluate 3 + (-4 - -3 - -1).
3
What is 5 + 0 - (-18 + 25) - 5?
-7
3 + 2 + (-4 - 6 - -10)
5
0 + 5 + (-11 - (-12 - -5))
1
What is -1 + (-10 - (1 + -4))?
-8
Evaluate 12 - 7 - (5 + -10 - -6).
4
Calculate 4 + (-3 - (-6 + 2) - 1).
4
-10 - -2 - (-64 + 48)
8
Calculate (-3 - (-8 - -2)) + (-5 - 2).
-4
What is 4 - (-8 + 15) - -8?
5
What is 7 - (6 + -14 + 7)?
8
What is 0 + -10 + (-15 - -20)?
-5
What is -1 - 1 - (67 - 69)?
0
Calculate 1 + (3 + -5 - 4).
-5
What is 4 + (-3 - -1) + -4?
-2
What is -2 - (-1 + (-4 - 2))?
5
Calculate -8 + -8 + 17 - 3.
-2
What is the value of -1 + 2 + 0 + (-30 - -26)?
-3
What is -5 + 8 - (8 + 2)?
-7
What is the value of -2 - -15 - (-21 - -25)?
9
What is the value of (-2 - -3 - -4) + -1?
4
Evaluate 3 + (-4 - -2 - -2).
3
-15 + 5 - (-7 - -3)
-6
(6 - 15 - -14) + -7 + 2
0
What is 3 - 2 - (4 - 0)?
-3
Evaluate -14 - -13 - (-1 - 6).
6
Evaluate (3 - 1) + -3 + -2 - -3.
0
What is 12 - (4 - -9) - 6?
-7
Evaluate 6 - ((-3 - (1 - 6)) + 2).
2
What is the value of -4 + (12 - (5 + -5)) + -6?
2
What is -2 + 3 + 2 - 1?
2
Calculate -1 + -7 + (-11 - (4 + -18)).
-5
What is -3 + 4 + (1 - 4) + 7?
5
Evaluate -2 - (10 + -2 + (5 - 12)).
-3
Calculate -2 + (-8 - (-20 - -7)).
3
What is (-4 - 7 - 3) + 6?
-8
What is the value of (1 - -1) + (-4 - (-4 - -1))?
1
Calculate 5 - (7 - 0) 